 = 4*q. Suppose p*s - m = 48. What is the tens digit of s?
3
Suppose -43 = -3*i - 4*n, -2*i - 3*i - 2*n + 53 = 0. What is the tens digit of 3565/45 + (-2)/i?
7
Let w be 7/((-42)/20)*-3. Let r(q) = 2*q - w + 0*q - 7*q. What is the tens digit of r(-6)?
2
Suppose 118 = i + 2*r - 4*r, -4*i + 3*r + 467 = 0. What is the units digit of 2/6 - i/(-3)?
9
Suppose -2*p - 5 + 11 = 0. Suppose 6*z - p = 27. Suppose -4*w - 3*k + 15 - 6 = 0, k + z = 0. What is the units digit of w?
6
Suppose -s + 2*h = -66, h - 65 = 5*s - 350. Suppose p + s = -3*p. What is the tens digit of ((-240)/(-56))/((-2)/p)?
3
Suppose 2*s - 3559 = -n, 2*n + 3564 = 2*s - 2*n. What is the units digit of 1 + (-3)/12 - s/(-16)?
2
Suppose w + 11 = -z - 49, 105 = -2*w + z. Let r be (211 - 1)*((-6)/(-15) - 0). Let k = r + w. What is the tens digit of k?
2
Suppose v - 3*b = -b + 29, -5*b = -3*v + 85. Suppose -193 = -3*q - v. Let h = q + -31. What is the units digit of h?
5
Let r(q) = -324*q**3 - 5*q**2 - 16*q - 14. What is the tens digit of r(-2)?
9
Suppose -6 = -8*w + 6*w. Suppose -4*k = -w*i + 10, 0 = i + 4*k + k + 3. Suppose g = i*r - 37, -6*r + 3*r - 4*g + 28 = 0. What is the units digit of r?
6
Let p = -2363 - -4977. What is the units digit of p?
4
Suppose 4*z - 3*z = 0. Suppose k + 0*k = z. What is the units digit of (14 + -5)*(k + 1)?
9
Let n(m) = -m**3 + 6*m**2 - 4*m. Let d be n(4). Suppose -2*k - 4*k = -30. Let z = d - k. What is the tens digit of z?
1
Let r(l) = 3*l - 12. Let f be r(8). Suppose -v + f = v. What is the units digit of 0 - v/(-9)*3?
2
Let v = 71 + -76. What is the hundreds digit of (-35)/14*438/v?
2
Let l(f) = -f - 18. Let s(j) = 2 + 12 - 1 + 5. Let p(z) = 5*l(z) + 4*s(z). What is the tens digit of p(-8)?
2
Suppose 907 = -12*l + 12547. What is the hundreds digit of l?
9
What is the hundreds digit of 2 - -1 - -538 - -5?
5
Let i be ((-15)/(-10))/(5/730). Let n = i - -7. What is the hundreds digit of n?
2
Let y be 0 + 3 - 0 - -30. Let d be y + -2 + (-4)/(-2). Suppose 2*v - d = -5. What is the units digit of v?
4
Suppose 3*o + 2*o = -15. Let f = 32 + -28. Let q = o + f. What is the units digit of q?
1
Let o be ((-8)/(-16))/((-2)/56). Let g(t) = -t**3 - 14*t**2 - 11*t - 6. Let w be g(o). What is the units digit of (w/20)/(2/10)?
7
Let o be (-2)/(-10) + (-56)/(-20). Let t be -7*1*-8 + -1. Suppose t = 5*k + 2*y + 2*y, -4*y = -o*k + 65. What is the units digit of k?
5
Let d(c) = -9*c + 4. Let m = -5 - -16. Let x = m - 16. What is the units digit of d(x)?
9
Suppose -2098 = -8*d + 1982. What is the tens digit of d?
1
Let y(q) = 2*q**2 + 5*q + 2. Let u be -2*(-2)/(-4)*5. Let p be y(u). Let i = -11 + p. What is the tens digit of i?
1
Suppose -48*y + 190601 = -41911. What is the tens digit of y?
4
Suppose -5*y - 20 - 60 = 0. Let w = y + 5. Let o = w + 21. What is the tens digit of o?
1
Suppose -182 = -4*o + 142. What is the units digit of o?
1
Let w = 149 - -588. What is the units digit of w?
7
Let y(p) = 25*p**2 - 7*p - 42. What is the units digit of y(-9)?
6
Let c(m) = 2*m + 2*m**2 + 2*m - 104 + 107. What is the tens digit of c(4)?
5
Let h(b) = -3*b**3 - 2*b + 16. What is the tens digit of h(-6)?
7
Let v be (-10 + 1)/(6/(-4)). Let y(i) = -7*i + 10. Let t(j) = -14*j + 20. Let w(l) = 2*t(l) - 5*y(l). What is the tens digit of w(v)?
3
Let u = 47 - 18. Suppose g + 3 - u = 5*j, 0 = g + 4. What is the units digit of ((-18)/15)/(j/15)?
3
Let u be -1 + (-4 - (-7 - 2)). Let x be 2/8 + 211/u. Let c = x - -8. What is the tens digit of c?
6
Suppose -5*u + 169 = -406. Suppose -109 = -4*z + u. What is the tens digit of z?
5
Let r(h) = 813*h**2 - 4*h + 3. Let w be r(1). Let u = -561 + w. What is the tens digit of u?
5
Let j = 300 - 107. What is the hundreds digit of j?
1
Let w be (-630)/28*(-8)/6. Let o = 27 + w. What is the units digit of o?
7
Suppose -2*k = -3*j + 8, 3*j - 7 = -0*k + k. Suppose 94 + 6 = -j*w - 2*h, w = 3*h - 46. Let p = w + 71. What is the tens digit of p?
2
Let l(r) = r**2 + 9*r - 20. Let w be l(-15). Let o = w + -23. Let z = 68 - o. What is the units digit of z?
1
Let t(j) be the third derivative of 25*j**4/12 - 7*j**3/3 + 34*j**2. What is the units digit of t(5)?
6
What is the hundreds digit of (-2 - 61)/(-5*10/600)?
7
Suppose 6*x - 161 = 403. Suppose 0 = -4*a - x + 286. What is the units digit of a?
8
Let w be 5*((-564)/15)/(-2). Let j be w/3 - (-8)/12. Suppose -25 = -3*q + 4*k, 2*q + 3*k - j = -2*k. What is the units digit of q?
1
Let x be ((-12)/(-7))/(4/14). Suppose 2*b + b = x. Suppose -2*u - b*u = -4. What is the units digit of u?
1
Let r(q) = 6*q**2 + 34*q + 144. What is the units digit of r(17)?
6
Let n(g) be the second derivative of -2*g**3/3 - 21*g**2/2 - g. Let h be 0 + 6/9 - 53/3. What is the tens digit of n(h)?
4
Let g(q) = -q + 9. Let k be g(7). Suppose 4*l - 5*l + k = 0. Suppose v + 8 = 3*n + 3*v, 2*n - l = -3*v. What is the units digit of n?
4
Let r(x) = -3*x**2 + 2*x. Let g be r(-2). Let w = g + 21. Suppose -w*k + 64 = -56. What is the tens digit of k?
2
Let i(y) = y**2 + 20*y - 50. Let u be i(-25). Suppose 6*w - u = 447. What is the units digit of w?
7
Let x = 43 + -15. Suppose -3*z - x + 235 = 0. What is the tens digit of z?
6
Suppose -1 = -2*c - 37. Let v(k) = 21*k**2 - 18. Let z(g) = -6*g**2 + 5. Let i(u) = c*z(u) - 5*v(u). What is the units digit of i(3)?
7
Let f(l) = -2*l**2 + 36*l - 5. What is the units digit of f(13)?
5
Suppose -12 = 4*b, 3*b - 2*b = -4*k + 49. Let u = k + -4. What is the units digit of u + -3 + 3 - 0?
9
Suppose -4*p + 0 = -3*g + 15, 2*g - 10 = p. Suppose -3*z + 122 + 34 = p. Suppose 5*u = z + 103. What is the units digit of u?
1
Suppose 4*u = 3*c + 7291, 2*u = -43*c + 39*c + 3640. What is the units digit of u?
2
Let v(l) = 12*l + 14*l**2 + 2*l + l**3 - 17 + 2 + 3. What is the tens digit of v(-12)?
0
Let o(l) = 10*l - 19. Suppose -3*n + 5*u + 64 = 0, -2*u - 5 = -1. What is the units digit of o(n)?
1
Let q = 26 + -15. Let w(i) = i**3 - 11*i**2 + 3*i + 12. What is the tens digit of w(q)?
4
Let m(w) be the second derivative of 7*w**3/6 - w**2 - 37*w. Let s = 8 + -3. What is the units digit of m(s)?
3
Suppose 280 = -8*j + 13*j. What is the tens digit of j?
5
Suppose 0 = b - 3, -10*b = 3*k - 11*b - 7704. What is the units digit of k?
9
Suppose -6*b = 14*b - 7220. What is the units digit of b?
1
Let b = -18 + 15. Let a = b + 9. Suppose 3*f - 5*l = 7*f - 18, -4*l + a = -f. What is the units digit of f?
2
Let q = -52 - -57. Suppose q*o - 17 = -x + 16, -x + o = -15. What is the tens digit of x?
1
Let r(g) be the third derivative of -37*g**4/24 - 4*g**3/3 + 4*g**2. Let y be r(-7). Suppose 0 = 4*x - y + 59. What is the units digit of x?
8
Suppose -17 - 43 = 2*c. Let j be 78 - (4 - 7 - 0). Let p = j + c. What is the tens digit of p?
5
Let y be -3 - 0 - (-22)/1. Suppose 2*l - 3*i = 2*i - y, -4*l - 2*i = 2. Let r = 28 - l. What is the units digit of r?
0
What is the hundreds digit of 12*(-5)/(-10) + 367?
3
What is the hundreds digit of (-6 - -4) + (601 - -3)?
6
Let x(u) be the third derivative of 0 + 8/3*u**3 + 0*u - 2*u**2 - 1/24*u**4. What is the units digit of x(11)?
5
Let j(u) = 74*u + 367. What is the units digit of j(0)?
7
Let k(s) = -51*s - 7. Let p be k(-3). Let d = p + -35. What is the tens digit of d?
1
Let u = 38 + -86. Let s be ((-58)/(-8))/((-3)/(-12)*-1). Let p = s - u. What is the tens digit of p?
1
Let c(l) = -l**2 + 43. Let r be c(0). Let i = -64 + r. Let x = 38 + i. What is the tens digit of x?
1
Suppose 0 = -2*x + 5 - 1. Suppose -x*d + 5*d + 4*r - 86 = 0, -5*r + 36 = d. What is the units digit of d?
6
Let w be 20976/64 - (-1)/4. Suppose 5*c - 521 = 4*z + w, 4*z - 503 = -3*c. What is the hundreds digit of c?
1
Let h(k) = -3*k - 12. Let r(p) = 3*p + 13. Suppose -2 = 4*q + 10. Let j(n) = q*h(n) - 2*r(n). What is the units digit of j(8)?
4
Let v = 26 + -46. Let a = -16 - v. Suppose b - 17 = -a*b - 4*g, 2*b + 3*g - 4 = 0. What is the units digit of b?
5
Suppose 3*r = 3*z + 12, -5 = 5*z + 15. Let j(i) = i**2 - 1. Let b be j(r). What is the units digit of (b - -1) + 1*8?
8
Let m = 3766 + -1904. What is the units digit of m?
2
Suppose 0 = b + 5*f - 62, 5*b - 5*f = -0*b + 280. What is the tens digit of b/(-38)*428/(-6)?
0
Let z(a) = 99*a + 299. What is the hundreds digit of z(33)?
5
Let b(j) be the first derivative of j**3/3 - 11*j*